{"id":1108,"date":"2012-12-17T22:28:51","date_gmt":"2012-12-17T22:28:51","guid":{"rendered":"https:\/\/fpmaam.org\/ministere\/?page_id=1108"},"modified":"2012-12-17T22:36:46","modified_gmt":"2012-12-17T22:36:46","slug":"programme-de-lectures-noel-jour-2","status":"publish","type":"page","link":"https:\/\/fpmaam.org\/ministere\/vivre\/vous-avez-un-message\/autour-de-noel\/programme-de-lectures-noel-jour-2\/","title":{"rendered":"Programme de lectures Noel &#8211; Jour 2"},"content":{"rendered":"<p><a href=\"https:\/\/fpmaam.org\/ministere\/wp-content\/uploads\/2012\/12\/avent_31.jpg\"><img loading=\"lazy\" class=\"alignleft size-medium wp-image-1123\" title=\"avent_3\" src=\"https:\/\/fpmaam.org\/ministere\/wp-content\/uploads\/2012\/12\/avent_31-300x224.jpg\" alt=\"\" width=\"300\" height=\"224\" srcset=\"https:\/\/fpmaam.org\/ministere\/wp-content\/uploads\/2012\/12\/avent_31-300x224.jpg 300w, https:\/\/fpmaam.org\/ministere\/wp-content\/uploads\/2012\/12\/avent_31-1024x764.jpg 1024w, https:\/\/fpmaam.org\/ministere\/wp-content\/uploads\/2012\/12\/avent_31.jpg 1280w\" sizes=\"(max-width: 300px) 100vw, 300px\" \/><\/a>Mich\u00e9e 5-1<\/p>\n<p>Et toi, Bethl\u00e9hem \u00c9phrata, Petite entre les milliers de Juda, De toi sortira pour moi Celui qui dominera sur Isra\u00ebl, Et dont l&rsquo;origine remonte aux temps anciens, Aux jours de l&rsquo;\u00e9ternit\u00e9.<\/p>\n<p>&nbsp;<\/p>\n<p>Jean 7,40 \u2013 43 , 52<\/p>\n<p>Des gens de la foule, ayant entendu ces paroles, disaient : Celui-ci est vraiment le proph\u00e8te. D&rsquo;autres disaient : C&rsquo;est le Christ. Et d&rsquo;autres disaient : Est-ce bien de la Galil\u00e9e que doit venir le Christ ? L&rsquo;\u00c9criture ne dit-elle pas que c&rsquo;est de la post\u00e9rit\u00e9 de David, et du village de Bethl\u00e9hem, o\u00f9 \u00e9tait David, que le Christ doit venir ? Il y eut donc, \u00e0 cause de lui, division parmi la foule.<\/p>\n<p>&nbsp;<\/p>\n<p>Ils lui r\u00e9pondirent : Es-tu aussi Galil\u00e9en ? Examine, et tu verras que de la Galil\u00e9e il ne sort point de proph\u00e8te.<\/p>\n<p>&nbsp;<\/p>\n<p>Luc 2\u00a0: 1-7<\/p>\n<p>En ce temps-l\u00e0 parut un \u00e9dit de C\u00e9sar Auguste, ordonnant un recensement de toute la terre. Ce premier recensement eut lieu pendant que Quirinius \u00e9tait gouverneur de Syrie. Tous allaient se faire inscrire, chacun dans sa ville. Joseph aussi monta de la Galil\u00e9e, de la ville de Nazareth, pour se rendre en Jud\u00e9e, dans la ville de David, appel\u00e9e Bethl\u00e9hem, parce qu&rsquo;il \u00e9tait de la maison et de la famille de David, afin de se faire inscrire avec Marie, sa fianc\u00e9e, qui \u00e9tait enceinte. Pendant qu&rsquo;ils \u00e9taient l\u00e0, le temps o\u00f9 Marie devait accoucher arriva, et elle enfanta son fils premier-n\u00e9. Elle l&#8217;emmaillota, et le coucha dans une cr\u00e8che, parce qu&rsquo;il n&rsquo;y avait pas de place pour eux dans l&rsquo;h\u00f4tellerie.<\/p>\n","protected":false},"excerpt":{"rendered":"<p>Mich\u00e9e 5-1 Et toi, Bethl\u00e9hem \u00c9phrata, Petite entre les milliers de Juda, De [&hellip;]<\/p>\n","protected":false},"author":1,"featured_media":1123,"parent":1102,"menu_order":2,"comment_status":"open","ping_status":"open","template":"","meta":[],"_links":{"self":[{"href":"https:\/\/fpmaam.org\/ministere\/wp-json\/wp\/v2\/pages\/1108"}],"collection":[{"href":"https:\/\/fpmaam.org\/ministere\/wp-json\/wp\/v2\/pages"}],"about":[{"href":"https:\/\/fpmaam.org\/ministere\/wp-json\/wp\/v2\/types\/page"}],"author":[{"embeddable":true,"href":"https:\/\/fpmaam.org\/ministere\/wp-json\/wp\/v2\/users\/1"}],"replies":[{"embeddable":true,"href":"https:\/\/fpmaam.org\/ministere\/wp-json\/wp\/v2\/comments?post=1108"}],"version-history":[{"count":4,"href":"https:\/\/fpmaam.org\/ministere\/wp-json\/wp\/v2\/pages\/1108\/revisions"}],"predecessor-version":[{"id":1126,"href":"https:\/\/fpmaam.org\/ministere\/wp-json\/wp\/v2\/pages\/1108\/revisions\/1126"}],"up":[{"embeddable":true,"href":"https:\/\/fpmaam.org\/ministere\/wp-json\/wp\/v2\/pages\/1102"}],"wp:featuredmedia":[{"embeddable":true,"href":"https:\/\/fpmaam.org\/ministere\/wp-json\/wp\/v2\/media\/1123"}],"wp:attachment":[{"href":"https:\/\/fpmaam.org\/ministere\/wp-json\/wp\/v2\/media?parent=1108"}],"curies":[{"name":"wp","href":"https:\/\/api.w.org\/{rel}","templated":true}]}}

<p><a href="https://fpmaam.org/ministere/wp-content/uploads/2012/12/avent_31.jpg"><img loading="lazy" class="alignleft size-medium wp-image-1123" title="avent_3" src="https://fpmaam.org/ministere/wp-content/uploads/2012/12/avent_31-300x224.jpg" alt="" width="300" height="224" srcset="https://fpmaam.org/ministere/wp-content/uploads/2012/12/avent_31-300x224.jpg 300w, https://fpmaam.org/ministere/wp-content/uploads/2012/12/avent_31-1024x764.jpg 1024w, https://fpmaam.org/ministere/wp-content/uploads/2012/12/avent_31.jpg 1280w" sizes="(max-width: 300px) 100vw, 300px" /></a>Michée 5-1</p>
<p>Et toi, Bethléhem Éphrata, Petite entre les milliers de Juda, De toi sortira pour moi Celui qui dominera sur Israël, Et dont l&rsquo;origine remonte aux temps anciens, Aux jours de l&rsquo;éternité.</p>
<p>&nbsp;</p>
<p>Jean 7,40 – 43 , 52</p>
<p>Des gens de la foule, ayant entendu ces paroles, disaient : Celui-ci est vraiment le prophète. D&rsquo;autres disaient : C&rsquo;est le Christ. Et d&rsquo;autres disaient : Est-ce bien de la Galilée que doit venir le Christ ? L&rsquo;Écriture ne dit-elle pas que c&rsquo;est de la postérité de David, et du village de Bethléhem, où était David, que le Christ doit venir ? Il y eut donc, à cause de lui, division parmi la foule.</p>
<p>&nbsp;</p>
<p>Ils lui répondirent : Es-tu aussi Galiléen ? Examine, et tu verras que de la Galilée il ne sort point de prophète.</p>
<p>&nbsp;</p>
<p>Luc 2 : 1-7</p>
<p>En ce temps-là parut un édit de César Auguste, ordonnant un recensement de toute la terre. Ce premier recensement eut lieu pendant que Quirinius était gouverneur de Syrie. Tous allaient se faire inscrire, chacun dans sa ville. Joseph aussi monta de la Galilée, de la ville de Nazareth, pour se rendre en Judée, dans la ville de David, appelée Bethléhem, parce qu&rsquo;il était de la maison et de la famille de David, afin de se faire inscrire avec Marie, sa fiancée, qui était enceinte. Pendant qu&rsquo;ils étaient là, le temps où Marie devait accoucher arriva, et elle enfanta son fils premier-né. Elle l&#8217;emmaillota, et le coucha dans une crèche, parce qu&rsquo;il n&rsquo;y avait pas de place pour eux dans l&rsquo;hôtellerie.</p>

<p>Michée 5-1 Et toi, Bethléhem Éphrata, Petite entre les milliers de Juda, De [&hellip;]</p>
