{"id":1111,"date":"2012-12-17T22:30:11","date_gmt":"2012-12-17T22:30:11","guid":{"rendered":"https:\/\/fpmaam.org\/ministere\/?page_id=1111"},"modified":"2012-12-17T22:38:55","modified_gmt":"2012-12-17T22:38:55","slug":"programme-de-lectures-noel-jour-3","status":"publish","type":"page","link":"https:\/\/fpmaam.org\/ministere\/vivre\/vous-avez-un-message\/autour-de-noel\/programme-de-lectures-noel-jour-3\/","title":{"rendered":"Programme de lectures Noel &#8211; Jour 3"},"content":{"rendered":"<p><a href=\"https:\/\/fpmaam.org\/ministere\/wp-content\/uploads\/2012\/12\/avent_32.jpg\"><img loading=\"lazy\" class=\"alignleft size-medium wp-image-1128\" title=\"avent_3\" src=\"https:\/\/fpmaam.org\/ministere\/wp-content\/uploads\/2012\/12\/avent_32-300x224.jpg\" alt=\"\" width=\"300\" height=\"224\" srcset=\"https:\/\/fpmaam.org\/ministere\/wp-content\/uploads\/2012\/12\/avent_32-300x224.jpg 300w, https:\/\/fpmaam.org\/ministere\/wp-content\/uploads\/2012\/12\/avent_32-1024x764.jpg 1024w, https:\/\/fpmaam.org\/ministere\/wp-content\/uploads\/2012\/12\/avent_32.jpg 1280w\" sizes=\"(max-width: 300px) 100vw, 300px\" \/><\/a>Luc 2.8 \u2013 20<\/p>\n<p>Il y avait, dans cette m\u00eame contr\u00e9e, des bergers qui passaient dans les champs les veilles de la nuit pour garder leurs troupeaux. Et voici, un ange du Seigneur leur apparut, et la gloire du Seigneur resplendit autour d&rsquo;eux. Ils furent saisis d&rsquo;une grande frayeur. Mais l&rsquo;ange leur dit : Ne craignez point ; car je vous annonce une bonne nouvelle, qui sera pour tout le peuple le sujet d&rsquo;une grande joie : c&rsquo;est qu&rsquo;aujourd&rsquo;hui, dans la ville de David, il vous est n\u00e9 un Sauveur, qui est le Christ, le Seigneur. Et voici \u00e0 quel signe vous le reconna\u00eetrez : vous trouverez un enfant emmaillot\u00e9 et couch\u00e9 dans une cr\u00e8che. Et soudain il se joignit \u00e0 l&rsquo;ange une multitude de l&rsquo;arm\u00e9e c\u00e9leste, louant Dieu et disant : Gloire \u00e0 Dieu dans les lieux tr\u00e8s hauts, Et paix sur la terre parmi les hommes qu&rsquo;il agr\u00e9e !<\/p>\n<p>Lorsque les anges les eurent quitt\u00e9s pour retourner au ciel, les bergers se dirent les uns aux autres : Allons jusqu&rsquo;\u00e0 Bethl\u00e9hem, et voyons ce qui est arriv\u00e9, ce que le Seigneur nous a fait conna\u00eetre. Ils y all\u00e8rent en h\u00e2te, et ils trouv\u00e8rent Marie et Joseph, et le petit enfant couch\u00e9 dans la cr\u00e8che. Apr\u00e8s l&rsquo;avoir vu, ils racont\u00e8rent ce qui leur avait \u00e9t\u00e9 dit au sujet de ce petit enfant. Tous ceux qui les entendirent furent dans l&rsquo;\u00e9tonnement de ce que leur disaient les bergers. Marie gardait toutes ces choses, et les repassait dans son coeur. Et les bergers s&rsquo;en retourn\u00e8rent, glorifiant et louant Dieu pour tout ce qu&rsquo;ils avaient entendu et vu, et qui \u00e9tait conforme \u00e0 ce qui leur avait \u00e9t\u00e9 annonc\u00e9.<\/p>\n<p>&nbsp;<\/p>\n<p>Matthieu 2\u00a0: 1-12<\/p>\n<p>J\u00e9sus \u00e9tant n\u00e9 \u00e0 Bethl\u00e9hem en Jud\u00e9e, au temps du roi H\u00e9rode, voici des mages d&rsquo;Orient arriv\u00e8rent \u00e0 J\u00e9rusalem, et dirent : O\u00f9 est le roi des Juifs qui vient de na\u00eetre ? car nous avons vu son \u00e9toile en Orient, et nous sommes venus pour l&rsquo;adorer. Le roi H\u00e9rode, ayant appris cela, fut troubl\u00e9, et tout J\u00e9rusalem avec lui. Il assembla tous les principaux sacrificateurs et les scribes du peuple, et il s&rsquo;informa aupr\u00e8s d&rsquo;eux o\u00f9 devait na\u00eetre le Christ. Ils lui dirent : A Bethl\u00e9hem en Jud\u00e9e ; car voici ce qui a \u00e9t\u00e9 \u00e9crit par le proph\u00e8te : Et toi, Bethl\u00e9hem, terre de Juda, Tu n&rsquo;es certes pas la moindre entre les principales villes de Juda, Car de toi sortira un chef Qui pa\u00eetra Isra\u00ebl, mon peuple. Alors H\u00e9rode fit appeler en secret les mages, et s&rsquo;enquit soigneusement aupr\u00e8s d&rsquo;eux depuis combien de temps l&rsquo;\u00e9toile brillait. Puis il les envoya \u00e0 Bethl\u00e9hem, en disant : Allez, et prenez des informations exactes sur le petit enfant ; quand vous l&rsquo;aurez trouv\u00e9, faites-le-moi savoir, afin que j&rsquo;aille aussi moi-m\u00eame l&rsquo;adorer. Apr\u00e8s avoir entendu le roi, ils partirent. Et voici, l&rsquo;\u00e9toile qu&rsquo;ils avaient vue en Orient marchait devant eux jusqu&rsquo;\u00e0 ce qu&rsquo;\u00e9tant arriv\u00e9e au-dessus du lieu o\u00f9 \u00e9tait le petit enfant, elle s&rsquo;arr\u00eata. Quand ils aper\u00e7urent l&rsquo;\u00e9toile, ils furent saisis d&rsquo;une tr\u00e8s grande joie. Ils entr\u00e8rent dans la maison, virent le petit enfant avec Marie, sa m\u00e8re, se prostern\u00e8rent et l&rsquo;ador\u00e8rent ; ils ouvrirent ensuite leurs tr\u00e9sors, et lui offrirent en pr\u00e9sent de l&rsquo;or, de l&rsquo;encens et de la myrrhe. Puis, divinement avertis en songe de ne pas retourner vers H\u00e9rode, ils regagn\u00e8rent leur pays par un autre chemin.<\/p>\n<p>&nbsp;<\/p>\n<p>&nbsp;<\/p>\n","protected":false},"excerpt":{"rendered":"<p>Luc 2.8 \u2013 20 Il y avait, dans cette m\u00eame contr\u00e9e, des bergers [&hellip;]<\/p>\n","protected":false},"author":1,"featured_media":1128,"parent":1102,"menu_order":3,"comment_status":"open","ping_status":"open","template":"","meta":[],"_links":{"self":[{"href":"https:\/\/fpmaam.org\/ministere\/wp-json\/wp\/v2\/pages\/1111"}],"collection":[{"href":"https:\/\/fpmaam.org\/ministere\/wp-json\/wp\/v2\/pages"}],"about":[{"href":"https:\/\/fpmaam.org\/ministere\/wp-json\/wp\/v2\/types\/page"}],"author":[{"embeddable":true,"href":"https:\/\/fpmaam.org\/ministere\/wp-json\/wp\/v2\/users\/1"}],"replies":[{"embeddable":true,"href":"https:\/\/fpmaam.org\/ministere\/wp-json\/wp\/v2\/comments?post=1111"}],"version-history":[{"count":2,"href":"https:\/\/fpmaam.org\/ministere\/wp-json\/wp\/v2\/pages\/1111\/revisions"}],"predecessor-version":[{"id":1129,"href":"https:\/\/fpmaam.org\/ministere\/wp-json\/wp\/v2\/pages\/1111\/revisions\/1129"}],"up":[{"embeddable":true,"href":"https:\/\/fpmaam.org\/ministere\/wp-json\/wp\/v2\/pages\/1102"}],"wp:featuredmedia":[{"embeddable":true,"href":"https:\/\/fpmaam.org\/ministere\/wp-json\/wp\/v2\/media\/1128"}],"wp:attachment":[{"href":"https:\/\/fpmaam.org\/ministere\/wp-json\/wp\/v2\/media?parent=1111"}],"curies":[{"name":"wp","href":"https:\/\/api.w.org\/{rel}","templated":true}]}}

<p><a href="https://fpmaam.org/ministere/wp-content/uploads/2012/12/avent_32.jpg"><img loading="lazy" class="alignleft size-medium wp-image-1128" title="avent_3" src="https://fpmaam.org/ministere/wp-content/uploads/2012/12/avent_32-300x224.jpg" alt="" width="300" height="224" srcset="https://fpmaam.org/ministere/wp-content/uploads/2012/12/avent_32-300x224.jpg 300w, https://fpmaam.org/ministere/wp-content/uploads/2012/12/avent_32-1024x764.jpg 1024w, https://fpmaam.org/ministere/wp-content/uploads/2012/12/avent_32.jpg 1280w" sizes="(max-width: 300px) 100vw, 300px" /></a>Luc 2.8 – 20</p>
<p>Il y avait, dans cette même contrée, des bergers qui passaient dans les champs les veilles de la nuit pour garder leurs troupeaux. Et voici, un ange du Seigneur leur apparut, et la gloire du Seigneur resplendit autour d&rsquo;eux. Ils furent saisis d&rsquo;une grande frayeur. Mais l&rsquo;ange leur dit : Ne craignez point ; car je vous annonce une bonne nouvelle, qui sera pour tout le peuple le sujet d&rsquo;une grande joie : c&rsquo;est qu&rsquo;aujourd&rsquo;hui, dans la ville de David, il vous est né un Sauveur, qui est le Christ, le Seigneur. Et voici à quel signe vous le reconnaîtrez : vous trouverez un enfant emmailloté et couché dans une crèche. Et soudain il se joignit à l&rsquo;ange une multitude de l&rsquo;armée céleste, louant Dieu et disant : Gloire à Dieu dans les lieux très hauts, Et paix sur la terre parmi les hommes qu&rsquo;il agrée !</p>
<p>Lorsque les anges les eurent quittés pour retourner au ciel, les bergers se dirent les uns aux autres : Allons jusqu&rsquo;à Bethléhem, et voyons ce qui est arrivé, ce que le Seigneur nous a fait connaître. Ils y allèrent en hâte, et ils trouvèrent Marie et Joseph, et le petit enfant couché dans la crèche. Après l&rsquo;avoir vu, ils racontèrent ce qui leur avait été dit au sujet de ce petit enfant. Tous ceux qui les entendirent furent dans l&rsquo;étonnement de ce que leur disaient les bergers. Marie gardait toutes ces choses, et les repassait dans son coeur. Et les bergers s&rsquo;en retournèrent, glorifiant et louant Dieu pour tout ce qu&rsquo;ils avaient entendu et vu, et qui était conforme à ce qui leur avait été annoncé.</p>
<p>&nbsp;</p>
<p>Matthieu 2 : 1-12</p>
<p>Jésus étant né à Bethléhem en Judée, au temps du roi Hérode, voici des mages d&rsquo;Orient arrivèrent à Jérusalem, et dirent : Où est le roi des Juifs qui vient de naître ? car nous avons vu son étoile en Orient, et nous sommes venus pour l&rsquo;adorer. Le roi Hérode, ayant appris cela, fut troublé, et tout Jérusalem avec lui. Il assembla tous les principaux sacrificateurs et les scribes du peuple, et il s&rsquo;informa auprès d&rsquo;eux où devait naître le Christ. Ils lui dirent : A Bethléhem en Judée ; car voici ce qui a été écrit par le prophète : Et toi, Bethléhem, terre de Juda, Tu n&rsquo;es certes pas la moindre entre les principales villes de Juda, Car de toi sortira un chef Qui paîtra Israël, mon peuple. Alors Hérode fit appeler en secret les mages, et s&rsquo;enquit soigneusement auprès d&rsquo;eux depuis combien de temps l&rsquo;étoile brillait. Puis il les envoya à Bethléhem, en disant : Allez, et prenez des informations exactes sur le petit enfant ; quand vous l&rsquo;aurez trouvé, faites-le-moi savoir, afin que j&rsquo;aille aussi moi-même l&rsquo;adorer. Après avoir entendu le roi, ils partirent. Et voici, l&rsquo;étoile qu&rsquo;ils avaient vue en Orient marchait devant eux jusqu&rsquo;à ce qu&rsquo;étant arrivée au-dessus du lieu où était le petit enfant, elle s&rsquo;arrêta. Quand ils aperçurent l&rsquo;étoile, ils furent saisis d&rsquo;une très grande joie. Ils entrèrent dans la maison, virent le petit enfant avec Marie, sa mère, se prosternèrent et l&rsquo;adorèrent ; ils ouvrirent ensuite leurs trésors, et lui offrirent en présent de l&rsquo;or, de l&rsquo;encens et de la myrrhe. Puis, divinement avertis en songe de ne pas retourner vers Hérode, ils regagnèrent leur pays par un autre chemin.</p>
<p>&nbsp;</p>
<p>&nbsp;</p>

<p>Luc 2.8 – 20 Il y avait, dans cette même contrée, des bergers [&hellip;]</p>
