{"id":1706,"date":"2013-08-07T09:20:54","date_gmt":"2013-08-07T09:20:54","guid":{"rendered":"https:\/\/fpmaam.org\/ministere\/?page_id=1706"},"modified":"2013-08-15T08:53:48","modified_gmt":"2013-08-15T08:53:48","slug":"mosaic","status":"publish","type":"page","link":"https:\/\/fpmaam.org\/ministere\/ambassadeur\/mosaic\/","title":{"rendered":"Mosa\u00efc"},"content":{"rendered":"<p><a href=\"https:\/\/fpmaam.org\/ministere\/wp-content\/uploads\/2013\/08\/logo_mosaic.jpg\"><img loading=\"lazy\" class=\"size-full wp-image-1707 alignleft\" alt=\"logo_mosaic\" src=\"https:\/\/fpmaam.org\/ministere\/wp-content\/uploads\/2013\/08\/logo_mosaic.jpg\" width=\"150\" height=\"112\" \/><\/a><\/p>\n<p>La FPMA Aix Marseille est int\u00e9gr\u00e9e dans le reseau mosa\u00efc local.<\/p>\n<p>\u00ab\u00a0Mosa\u00efc\u00a0\u00bb est un projet de la F\u00e9d\u00e9ration Protestante de France (FPF), en partenariat avec le Service protestant de mission (DEFAP) et la Communaut\u00e9 d\u2019Eglises en mission (CEVAA).<\/p>\n<p>Il a \u00e9t\u00e9 cr\u00e9\u00e9 en 2006 pour favoriser la rencontre et la collaboration des chr\u00e9tiens protestants de diverses cultures et origines.<\/p>\n<p>MOSA\u00cfC\u2026<br \/>\n\u2026Diverse, ouverte, fond\u00e9e sur le Christ.<br \/>\nAvec le O de la communaut\u00e9 rassembl\u00e9e et le C de la communaut\u00e9 ouverte.<\/p>\n<p>La Bible est notre socle commun.<br \/>\nC\u2019est autour d\u2019elle que nous voulons nous rencontrer et nous former mutuellement, \u00e0 travers nos diff\u00e9rentes lectures et cultures.<\/p>\n<p>&nbsp;<\/p>\n<p><a title=\"Pour en savoir plus !\" href=\"http:\/\/mosaicmarseille.hautetfort.com\/\" target=\"_blank\">http:\/\/mosaicmarseille.hautetfort.com\/<\/a><\/p>\n<p>[catlist name=mosaic numberposts=-1]<\/p>\n","protected":false},"excerpt":{"rendered":"<p>La FPMA Aix Marseille est int\u00e9gr\u00e9e dans le reseau mosa\u00efc local. \u00ab\u00a0Mosa\u00efc\u00a0\u00bb est [&hellip;]<\/p>\n","protected":false},"author":1,"featured_media":1707,"parent":977,"menu_order":5,"comment_status":"open","ping_status":"open","template":"","meta":[],"_links":{"self":[{"href":"https:\/\/fpmaam.org\/ministere\/wp-json\/wp\/v2\/pages\/1706"}],"collection":[{"href":"https:\/\/fpmaam.org\/ministere\/wp-json\/wp\/v2\/pages"}],"about":[{"href":"https:\/\/fpmaam.org\/ministere\/wp-json\/wp\/v2\/types\/page"}],"author":[{"embeddable":true,"href":"https:\/\/fpmaam.org\/ministere\/wp-json\/wp\/v2\/users\/1"}],"replies":[{"embeddable":true,"href":"https:\/\/fpmaam.org\/ministere\/wp-json\/wp\/v2\/comments?post=1706"}],"version-history":[{"count":2,"href":"https:\/\/fpmaam.org\/ministere\/wp-json\/wp\/v2\/pages\/1706\/revisions"}],"predecessor-version":[{"id":1751,"href":"https:\/\/fpmaam.org\/ministere\/wp-json\/wp\/v2\/pages\/1706\/revisions\/1751"}],"up":[{"embeddable":true,"href":"https:\/\/fpmaam.org\/ministere\/wp-json\/wp\/v2\/pages\/977"}],"wp:featuredmedia":[{"embeddable":true,"href":"https:\/\/fpmaam.org\/ministere\/wp-json\/wp\/v2\/media\/1707"}],"wp:attachment":[{"href":"https:\/\/fpmaam.org\/ministere\/wp-json\/wp\/v2\/media?parent=1706"}],"curies":[{"name":"wp","href":"https:\/\/api.w.org\/{rel}","templated":true}]}}