{"id":1955,"date":"2014-01-20T00:00:30","date_gmt":"2014-01-20T00:00:30","guid":{"rendered":"https:\/\/fpmaam.org\/ministere\/?page_id=1955"},"modified":"2014-01-21T22:58:07","modified_gmt":"2014-01-21T22:58:07","slug":"tily-scouts","status":"publish","type":"page","link":"https:\/\/fpmaam.org\/ministere\/sengager\/sections-sampana\/tily-scouts\/","title":{"rendered":"Tily &#8211; scouts"},"content":{"rendered":"<p><a href=\"https:\/\/fpmaam.org\/ministere\/wp-content\/uploads\/2014\/01\/IMG_0324.jpg\"><img loading=\"lazy\" class=\"alignleft  wp-image-1965\" alt=\"IMG_0324\" src=\"https:\/\/fpmaam.org\/ministere\/wp-content\/uploads\/2014\/01\/IMG_0324-1024x764.jpg\" width=\"614\" height=\"458\" srcset=\"https:\/\/fpmaam.org\/ministere\/wp-content\/uploads\/2014\/01\/IMG_0324-1024x764.jpg 1024w, https:\/\/fpmaam.org\/ministere\/wp-content\/uploads\/2014\/01\/IMG_0324-300x224.jpg 300w\" sizes=\"(max-width: 614px) 100vw, 614px\" \/><\/a><\/p>\n<p>&nbsp;<\/p>\n<p>&nbsp;<\/p>\n<p>&nbsp;<\/p>\n<p>&nbsp;<\/p>\n<p>&nbsp;<\/p>\n<p>&nbsp;<\/p>\n<p>&nbsp;<\/p>\n<p>&nbsp;<\/p>\n<p>&nbsp;<\/p>\n<p>&nbsp;<\/p>\n<p>&nbsp;<\/p>\n<p>&nbsp;<\/p>\n<p>&nbsp;<\/p>\n<h1><strong>Nos objectifs :<\/strong><\/h1>\n<p>Eduquer et former chaque personne \u00e0 \u00eatre un serviteur de Dieu, responsable, active, autonome et d\u00e9brouillarde pour faire \u00e0 la vie.<\/p>\n<h1><strong>Le cadre d&rsquo;\u00e9ducation :<\/strong><\/h1>\n<p><a href=\"https:\/\/fpmaam.org\/ministere\/wp-content\/uploads\/2014\/01\/eclaireurs_et_eclaireuses_unionistes_de_france_redimensionne.jpg\"><img loading=\"lazy\" class=\"alignleft  wp-image-1967\" alt=\"eclaireurs_et_eclaireuses_unionistes_de_france_redimensionne\" src=\"https:\/\/fpmaam.org\/ministere\/wp-content\/uploads\/2014\/01\/eclaireurs_et_eclaireuses_unionistes_de_france_redimensionne-150x150.jpg\" width=\"90\" height=\"90\" srcset=\"https:\/\/fpmaam.org\/ministere\/wp-content\/uploads\/2014\/01\/eclaireurs_et_eclaireuses_unionistes_de_france_redimensionne-150x150.jpg 150w, https:\/\/fpmaam.org\/ministere\/wp-content\/uploads\/2014\/01\/eclaireurs_et_eclaireuses_unionistes_de_france_redimensionne-50x50.jpg 50w\" sizes=\"(max-width: 90px) 100vw, 90px\" \/><\/a><\/p>\n<p>&nbsp;<\/p>\n<p>Une s\u00e9curit\u00e9 assur\u00e9e par l&rsquo;affiliation aux EEUDF<\/p>\n<p>&nbsp;<\/p>\n<p>&nbsp;<\/p>\n<p><a href=\"https:\/\/fpmaam.org\/ministere\/wp-content\/uploads\/2014\/01\/insignetily.jpg\"><img loading=\"lazy\" class=\"alignleft size-full wp-image-1968\" alt=\"insignetily\" src=\"https:\/\/fpmaam.org\/ministere\/wp-content\/uploads\/2014\/01\/insignetily.jpg\" width=\"69\" height=\"68\" srcset=\"https:\/\/fpmaam.org\/ministere\/wp-content\/uploads\/2014\/01\/insignetily.jpg 69w, https:\/\/fpmaam.org\/ministere\/wp-content\/uploads\/2014\/01\/insignetily-50x50.jpg 50w\" sizes=\"(max-width: 69px) 100vw, 69px\" \/><\/a><a href=\"https:\/\/fpmaam.org\/ministere\/wp-content\/uploads\/2014\/01\/badge.gif\"> <img loading=\"lazy\" class=\"alignleft size-full wp-image-1969\" alt=\"badge\" src=\"https:\/\/fpmaam.org\/ministere\/wp-content\/uploads\/2014\/01\/badge.gif\" width=\"68\" height=\"68\" srcset=\"https:\/\/fpmaam.org\/ministere\/wp-content\/uploads\/2014\/01\/badge.gif 68w, https:\/\/fpmaam.org\/ministere\/wp-content\/uploads\/2014\/01\/badge-50x50.gif 50w\" sizes=\"(max-width: 68px) 100vw, 68px\" \/><\/a><\/p>\n<p>&nbsp;<\/p>\n<p>Une \u00e9ducation Tily encadr\u00e9e par le FOIBE Tily ATY ANDAFY<\/p>\n<p>&nbsp;<\/p>\n<p>&nbsp;<\/p>\n<h2><\/h2>\n<h2><\/h2>\n<h2><\/h2>\n<h2><span style=\"color: #ff0000;\">Les responsables motiv\u00e9s sont l\u00e0 !!!<\/span><\/h2>\n<p>Venez partager avec nous<\/p>\n<p>des moments de jeux<\/p>\n<p>des techniques de scouts<\/p>\n<p>des activit\u00e9s spirituelles<\/p>\n<p>des chants<\/p>\n<p>&#8230; des rires \u00e0 profusion<\/p>\n<p>des activit\u00e9s !!!<\/p>\n<p>Pour une journ\u00e9e \/ un week end \/ au RNT \/ ou au camp d&rsquo;\u00e9t\u00e9<\/p>\n<p>&nbsp;<\/p>\n<h2><span style=\"color: #ff0000;\">Nous sommes tous convi\u00e9s !!!!<\/span><\/h2>\n<p>&nbsp;<\/p>\n<p>LES LOUVETAUX (8 \u00e0 12 ans)<\/p>\n<p>LES ECLAIREURS (12 \u00e0 16 ans)<\/p>\n<p>LES AINES (16 \u00e0 18 ans)<\/p>\n<p>LES NOUVEAUX RESPONSABLES MOTIVES<\/p>\n<p>LES ANCIENS TILY POUR VENIR NOUS AIDER<\/p>\n<p>LES PARENTS POUR NOUS EPAULER<\/p>\n<p>Contact : tily@fpmaam.org<\/p>\n<p>&nbsp;<\/p>\n<h1>Articles sur les scouts :<\/h1>\n<p>[catlist name=tily thumbnail_size=32,32\u00a0thumbnail=yes numberposts=-1]<\/p>\n","protected":false},"excerpt":{"rendered":"<p>&nbsp; &nbsp; &nbsp; &nbsp; &nbsp; &nbsp; &nbsp; &nbsp; &nbsp; &nbsp; &nbsp; &nbsp; &nbsp; [&hellip;]<\/p>\n","protected":false},"author":1,"featured_media":0,"parent":411,"menu_order":5,"comment_status":"open","ping_status":"open","template":"","meta":[],"_links":{"self":[{"href":"https:\/\/fpmaam.org\/ministere\/wp-json\/wp\/v2\/pages\/1955"}],"collection":[{"href":"https:\/\/fpmaam.org\/ministere\/wp-json\/wp\/v2\/pages"}],"about":[{"href":"https:\/\/fpmaam.org\/ministere\/wp-json\/wp\/v2\/types\/page"}],"author":[{"embeddable":true,"href":"https:\/\/fpmaam.org\/ministere\/wp-json\/wp\/v2\/users\/1"}],"replies":[{"embeddable":true,"href":"https:\/\/fpmaam.org\/ministere\/wp-json\/wp\/v2\/comments?post=1955"}],"version-history":[{"count":8,"href":"https:\/\/fpmaam.org\/ministere\/wp-json\/wp\/v2\/pages\/1955\/revisions"}],"predecessor-version":[{"id":1973,"href":"https:\/\/fpmaam.org\/ministere\/wp-json\/wp\/v2\/pages\/1955\/revisions\/1973"}],"up":[{"embeddable":true,"href":"https:\/\/fpmaam.org\/ministere\/wp-json\/wp\/v2\/pages\/411"}],"wp:attachment":[{"href":"https:\/\/fpmaam.org\/ministere\/wp-json\/wp\/v2\/media?parent=1955"}],"curies":[{"name":"wp","href":"https:\/\/api.w.org\/{rel}","templated":true}]}}