{"id":419,"date":"2011-08-15T19:07:15","date_gmt":"2011-08-15T18:07:15","guid":{"rendered":"http:\/\/fpmaaixmarseille.free.fr\/fpmaam\/?page_id=419"},"modified":"2011-08-15T19:07:15","modified_gmt":"2011-08-15T18:07:15","slug":"fifohazana-reveil","status":"publish","type":"page","link":"https:\/\/fpmaam.org\/ministere\/sengager\/sections-sampana\/fifohazana-reveil\/","title":{"rendered":"Fifohazana &#8211; Reveil"},"content":{"rendered":"<p><strong>SAMPANA FIFOHAZANA<\/strong><\/p>\n<p><strong>Parole de Dieu instituant le minist\u00e8re : <\/strong><\/p>\n<p><strong>Jean 14.12-17 ; Marc 16. 15-20 ; Matthieu 18. 18-20 et Jean 20. 21-23 .<\/strong><\/p>\n<p>Le Sampana Fifohazana vise \u00e0 faire conna\u00eetre davantage aux adh\u00e9rents le Seigneur J\u00e9sus-Christ et \u00e0 en faire Ses disciples<\/p>\n<p>.R\u00e9unions tous les samedis \u00e0 15H30 autour de la Parole et  s\u00e9ance de d\u00e9livrance et d\u2019exhortation \u00e0 Vitrolles au 7 Bd Tamaris.<\/p>\n<p>S\u00e9ance de d\u00e9livrance et d\u2019exhortation tous les 3\u00e8mes dimanches apr\u00e8s le culte \u00e0 l\u2019ERF Rue Villars \u00e0 Aix-en-Provence.<\/p>\n<p>Contact : <a href=\"mailto:reveil@fpmaam.org\">reveil@fpmaam.org<\/a><\/p>\n","protected":false},"excerpt":{"rendered":"<p>SAMPANA FIFOHAZANA Parole de Dieu instituant le minist\u00e8re : Jean 14.12-17 ; Marc [&hellip;]<\/p>\n","protected":false},"author":2,"featured_media":0,"parent":411,"menu_order":2,"comment_status":"open","ping_status":"open","template":"","meta":[],"_links":{"self":[{"href":"https:\/\/fpmaam.org\/ministere\/wp-json\/wp\/v2\/pages\/419"}],"collection":[{"href":"https:\/\/fpmaam.org\/ministere\/wp-json\/wp\/v2\/pages"}],"about":[{"href":"https:\/\/fpmaam.org\/ministere\/wp-json\/wp\/v2\/types\/page"}],"author":[{"embeddable":true,"href":"https:\/\/fpmaam.org\/ministere\/wp-json\/wp\/v2\/users\/2"}],"replies":[{"embeddable":true,"href":"https:\/\/fpmaam.org\/ministere\/wp-json\/wp\/v2\/comments?post=419"}],"version-history":[{"count":0,"href":"https:\/\/fpmaam.org\/ministere\/wp-json\/wp\/v2\/pages\/419\/revisions"}],"up":[{"embeddable":true,"href":"https:\/\/fpmaam.org\/ministere\/wp-json\/wp\/v2\/pages\/411"}],"wp:attachment":[{"href":"https:\/\/fpmaam.org\/ministere\/wp-json\/wp\/v2\/media?parent=419"}],"curies":[{"name":"wp","href":"https:\/\/api.w.org\/{rel}","templated":true}]}}

<p><strong>SAMPANA FIFOHAZANA</strong></p>
<p><strong>Parole de Dieu instituant le ministère : </strong></p>
<p><strong>Jean 14.12-17 ; Marc 16. 15-20 ; Matthieu 18. 18-20 et Jean 20. 21-23 .</strong></p>
<p>Le Sampana Fifohazana vise à faire connaître davantage aux adhérents le Seigneur Jésus-Christ et à en faire Ses disciples</p>
<p>.Réunions tous les samedis à 15H30 autour de la Parole et  séance de délivrance et d’exhortation à Vitrolles au 7 Bd Tamaris.</p>
<p>Séance de délivrance et d’exhortation tous les 3èmes dimanches après le culte à l’ERF Rue Villars à Aix-en-Provence.</p>
<p>Contact : <a href="mailto:reveil@fpmaam.org">reveil@fpmaam.org</a></p>

<p>SAMPANA FIFOHAZANA Parole de Dieu instituant le ministère : Jean 14.12-17 ; Marc [&hellip;]</p>
