{"id":421,"date":"2011-08-15T19:08:22","date_gmt":"2011-08-15T18:08:22","guid":{"rendered":"http:\/\/fpmaaixmarseille.free.fr\/fpmaam\/?page_id=421"},"modified":"2011-08-15T19:08:22","modified_gmt":"2011-08-15T18:08:22","slug":"sekoly-alahady-ecole-du-dimanche","status":"publish","type":"page","link":"https:\/\/fpmaam.org\/ministere2\/sengager\/sections-sampana\/sekoly-alahady-ecole-du-dimanche\/","title":{"rendered":"Sekoly alahady &#8211; Ecole du dimanche"},"content":{"rendered":"<p>\u00a0<\/p>\n<p><a href=\"http:\/\/fpmaaixmarseille.free.fr\/fpmaam\/wp-content\/uploads\/sa.jpg\"><img loading=\"lazy\" decoding=\"async\" class=\"alignnone size-full wp-image-528\" title=\"Sekoly Alahady FPMAAM\" src=\"http:\/\/fpmaaixmarseille.free.fr\/fpmaam\/wp-content\/uploads\/sa.jpg\" alt=\"\" width=\"731\" height=\"349\" \/><\/a><\/p>\n<p>\u00ab Sady tsara Hianao no Mpanao ny tsara; Ampianaro ahy ny didinao. \u00bb<\/p>\n<p>Salamo 119 : 68<\/p>\n<p>\u00ab Tu es bon et bienfaisant; Enseigne-moi tes prescriptions \u00bb<\/p>\n<p>Psaumes 119 : 68<\/p>\n<p>Le Sekoly Alahady a pour mission de transmettre la<br \/>\nParole de Dieu aux enfants, pour les amener \u00e0<br \/>\nvivre leur foi en Christ.<\/p>\n<p>Nous accueillons les enfants les dimanches \u00e0 14 h quand le culte est \u00e0 Aix et 09h30 \u00e0 Marseille.<\/p>\n<p>Contact : <a href=\"mailto:sa@fpmaam.org\">sa@fpmaam.org<\/a><\/p>\n","protected":false},"excerpt":{"rendered":"<p>\u00a0 \u00ab Sady tsara Hianao no Mpanao ny tsara; Ampianaro ahy ny didinao. \u00bb Salamo 119 : 68 \u00ab Tu es bon et bienfaisant; Enseigne-moi tes prescriptions \u00bb Psaumes 119 : 68 Le Sekoly Alahady a pour mission de transmettre la Parole de Dieu aux enfants, pour les amener \u00e0 vivre leur foi en Christ. &hellip; <a href=\"https:\/\/fpmaam.org\/ministere2\/sengager\/sections-sampana\/sekoly-alahady-ecole-du-dimanche\/\" class=\"more-link\">Continuer la lecture<span class=\"screen-reader-text\"> de &laquo;&nbsp;Sekoly alahady &#8211; Ecole du dimanche&nbsp;&raquo;<\/span><\/a><\/p>\n","protected":false},"author":2,"featured_media":0,"parent":411,"menu_order":3,"comment_status":"open","ping_status":"open","template":"","meta":{"footnotes":""},"class_list":["post-421","page","type-page","status-publish","hentry"],"yoast_head":"<!-- This site is optimized with the Yoast SEO plugin v26.8 - https:\/\/yoast.com\/product\/yoast-seo-wordpress\/ -->\n<title>Sekoly alahady - Ecole du dimanche - FPMA Aix Marseille - EGLISE PROTESTANTE MALGACHE EN FRANCE<\/title>\n<meta name=\"robots\" content=\"index, follow, max-snippet:-1, max-image-preview:large, max-video-preview:-1\" \/>\n<link rel=\"canonical\" href=\"https:\/\/fpmaam.org\/ministere2\/sengager\/sections-sampana\/sekoly-alahady-ecole-du-dimanche\/\" \/>\n<meta property=\"og:locale\" content=\"fr_FR\" \/>\n<meta property=\"og:type\" content=\"article\" \/>\n<meta property=\"og:title\" content=\"Sekoly alahady - Ecole du dimanche - FPMA Aix Marseille - EGLISE PROTESTANTE MALGACHE EN FRANCE\" \/>\n<meta property=\"og:description\" content=\"\u00a0 \u00ab Sady tsara Hianao no Mpanao ny tsara; Ampianaro ahy ny didinao. \u00bb Salamo 119 : 68 \u00ab Tu es bon et bienfaisant; Enseigne-moi tes prescriptions \u00bb Psaumes 119 : 68 Le Sekoly Alahady a pour mission de transmettre la Parole de Dieu aux enfants, pour les amener \u00e0 vivre leur foi en Christ. &hellip; Continuer la lecture de &laquo;&nbsp;Sekoly alahady &#8211; Ecole du dimanche&nbsp;&raquo;\" \/>\n<meta property=\"og:url\" content=\"https:\/\/fpmaam.org\/ministere2\/sengager\/sections-sampana\/sekoly-alahady-ecole-du-dimanche\/\" \/>\n<meta property=\"og:site_name\" content=\"FPMA Aix Marseille - EGLISE PROTESTANTE MALGACHE EN FRANCE\" \/>\n<meta property=\"og:image\" content=\"http:\/\/fpmaaixmarseille.free.fr\/fpmaam\/wp-content\/uploads\/sa.jpg\" \/>\n<meta name=\"twitter:card\" content=\"summary_large_image\" \/>\n<script type=\"application\/ld+json\" class=\"yoast-schema-graph\">{\"@context\":\"https:\/\/schema.org\",\"@graph\":[{\"@type\":\"WebPage\",\"@id\":\"https:\/\/fpmaam.org\/ministere2\/sengager\/sections-sampana\/sekoly-alahady-ecole-du-dimanche\/\",\"url\":\"https:\/\/fpmaam.org\/ministere2\/sengager\/sections-sampana\/sekoly-alahady-ecole-du-dimanche\/\",\"name\":\"Sekoly alahady - Ecole du dimanche - FPMA Aix Marseille - EGLISE PROTESTANTE MALGACHE EN FRANCE\",\"isPartOf\":{\"@id\":\"https:\/\/fpmaam.org\/ministere2\/#website\"},\"primaryImageOfPage\":{\"@id\":\"https:\/\/fpmaam.org\/ministere2\/sengager\/sections-sampana\/sekoly-alahady-ecole-du-dimanche\/#primaryimage\"},\"image\":{\"@id\":\"https:\/\/fpmaam.org\/ministere2\/sengager\/sections-sampana\/sekoly-alahady-ecole-du-dimanche\/#primaryimage\"},\"thumbnailUrl\":\"http:\/\/fpmaaixmarseille.free.fr\/fpmaam\/wp-content\/uploads\/sa.jpg\",\"datePublished\":\"2011-08-15T18:08:22+00:00\",\"breadcrumb\":{\"@id\":\"https:\/\/fpmaam.org\/ministere2\/sengager\/sections-sampana\/sekoly-alahady-ecole-du-dimanche\/#breadcrumb\"},\"inLanguage\":\"fr-FR\",\"potentialAction\":[{\"@type\":\"ReadAction\",\"target\":[\"https:\/\/fpmaam.org\/ministere2\/sengager\/sections-sampana\/sekoly-alahady-ecole-du-dimanche\/\"]}]},{\"@type\":\"ImageObject\",\"inLanguage\":\"fr-FR\",\"@id\":\"https:\/\/fpmaam.org\/ministere2\/sengager\/sections-sampana\/sekoly-alahady-ecole-du-dimanche\/#primaryimage\",\"url\":\"http:\/\/fpmaaixmarseille.free.fr\/fpmaam\/wp-content\/uploads\/sa.jpg\",\"contentUrl\":\"http:\/\/fpmaaixmarseille.free.fr\/fpmaam\/wp-content\/uploads\/sa.jpg\"},{\"@type\":\"BreadcrumbList\",\"@id\":\"https:\/\/fpmaam.org\/ministere2\/sengager\/sections-sampana\/sekoly-alahady-ecole-du-dimanche\/#breadcrumb\",\"itemListElement\":[{\"@type\":\"ListItem\",\"position\":1,\"name\":\"Accueil\",\"item\":\"https:\/\/fpmaam.org\/ministere2\/\"},{\"@type\":\"ListItem\",\"position\":2,\"name\":\"Engager&#8230;\",\"item\":\"https:\/\/fpmaam.org\/ministere2\/sengager\/\"},{\"@type\":\"ListItem\",\"position\":3,\"name\":\"&#8230; ses dons !\",\"item\":\"https:\/\/fpmaam.org\/ministere2\/sengager\/sections-sampana\/\"},{\"@type\":\"ListItem\",\"position\":4,\"name\":\"Sekoly alahady &#8211; Ecole du dimanche\"}]},{\"@type\":\"WebSite\",\"@id\":\"https:\/\/fpmaam.org\/ministere2\/#website\",\"url\":\"https:\/\/fpmaam.org\/ministere2\/\",\"name\":\"FPMA Aix Marseille - EGLISE PROTESTANTE MALGACHE EN FRANCE\",\"description\":\"\",\"publisher\":{\"@id\":\"https:\/\/fpmaam.org\/ministere2\/#organization\"},\"potentialAction\":[{\"@type\":\"SearchAction\",\"target\":{\"@type\":\"EntryPoint\",\"urlTemplate\":\"https:\/\/fpmaam.org\/ministere2\/?s={search_term_string}\"},\"query-input\":{\"@type\":\"PropertyValueSpecification\",\"valueRequired\":true,\"valueName\":\"search_term_string\"}}],\"inLanguage\":\"fr-FR\"},{\"@type\":\"Organization\",\"@id\":\"https:\/\/fpmaam.org\/ministere2\/#organization\",\"name\":\"FPMA Aix Marseille - EGLISE PROTESTANTE MALGACHE EN FRANCE\",\"url\":\"https:\/\/fpmaam.org\/ministere2\/\",\"logo\":{\"@type\":\"ImageObject\",\"inLanguage\":\"fr-FR\",\"@id\":\"https:\/\/fpmaam.org\/ministere2\/#\/schema\/logo\/image\/\",\"url\":\"https:\/\/fpmaam.org\/ministere2\/wp-content\/uploads\/2025\/03\/cropped-fpmaam_logo.png\",\"contentUrl\":\"https:\/\/fpmaam.org\/ministere2\/wp-content\/uploads\/2025\/03\/cropped-fpmaam_logo.png\",\"width\":240,\"height\":240,\"caption\":\"FPMA Aix Marseille - EGLISE PROTESTANTE MALGACHE EN FRANCE\"},\"image\":{\"@id\":\"https:\/\/fpmaam.org\/ministere2\/#\/schema\/logo\/image\/\"}}]}<\/script>\n<!-- \/ Yoast SEO plugin. -->","yoast_head_json":{"title":"Sekoly alahady - Ecole du dimanche - FPMA Aix Marseille - EGLISE PROTESTANTE MALGACHE EN FRANCE","robots":{"index":"index","follow":"follow","max-snippet":"max-snippet:-1","max-image-preview":"max-image-preview:large","max-video-preview":"max-video-preview:-1"},"canonical":"https:\/\/fpmaam.org\/ministere2\/sengager\/sections-sampana\/sekoly-alahady-ecole-du-dimanche\/","og_locale":"fr_FR","og_type":"article","og_title":"Sekoly alahady - Ecole du dimanche - FPMA Aix Marseille - EGLISE PROTESTANTE MALGACHE EN FRANCE","og_description":"\u00a0 \u00ab Sady tsara Hianao no Mpanao ny tsara; Ampianaro ahy ny didinao. \u00bb Salamo 119 : 68 \u00ab Tu es bon et bienfaisant; Enseigne-moi tes prescriptions \u00bb Psaumes 119 : 68 Le Sekoly Alahady a pour mission de transmettre la Parole de Dieu aux enfants, pour les amener \u00e0 vivre leur foi en Christ. &hellip; Continuer la lecture de &laquo;&nbsp;Sekoly alahady &#8211; Ecole du dimanche&nbsp;&raquo;","og_url":"https:\/\/fpmaam.org\/ministere2\/sengager\/sections-sampana\/sekoly-alahady-ecole-du-dimanche\/","og_site_name":"FPMA Aix Marseille - EGLISE PROTESTANTE MALGACHE EN FRANCE","og_image":[{"url":"http:\/\/fpmaaixmarseille.free.fr\/fpmaam\/wp-content\/uploads\/sa.jpg","type":"","width":"","height":""}],"twitter_card":"summary_large_image","schema":{"@context":"https:\/\/schema.org","@graph":[{"@type":"WebPage","@id":"https:\/\/fpmaam.org\/ministere2\/sengager\/sections-sampana\/sekoly-alahady-ecole-du-dimanche\/","url":"https:\/\/fpmaam.org\/ministere2\/sengager\/sections-sampana\/sekoly-alahady-ecole-du-dimanche\/","name":"Sekoly alahady - Ecole du dimanche - FPMA Aix Marseille - EGLISE PROTESTANTE MALGACHE EN FRANCE","isPartOf":{"@id":"https:\/\/fpmaam.org\/ministere2\/#website"},"primaryImageOfPage":{"@id":"https:\/\/fpmaam.org\/ministere2\/sengager\/sections-sampana\/sekoly-alahady-ecole-du-dimanche\/#primaryimage"},"image":{"@id":"https:\/\/fpmaam.org\/ministere2\/sengager\/sections-sampana\/sekoly-alahady-ecole-du-dimanche\/#primaryimage"},"thumbnailUrl":"http:\/\/fpmaaixmarseille.free.fr\/fpmaam\/wp-content\/uploads\/sa.jpg","datePublished":"2011-08-15T18:08:22+00:00","breadcrumb":{"@id":"https:\/\/fpmaam.org\/ministere2\/sengager\/sections-sampana\/sekoly-alahady-ecole-du-dimanche\/#breadcrumb"},"inLanguage":"fr-FR","potentialAction":[{"@type":"ReadAction","target":["https:\/\/fpmaam.org\/ministere2\/sengager\/sections-sampana\/sekoly-alahady-ecole-du-dimanche\/"]}]},{"@type":"ImageObject","inLanguage":"fr-FR","@id":"https:\/\/fpmaam.org\/ministere2\/sengager\/sections-sampana\/sekoly-alahady-ecole-du-dimanche\/#primaryimage","url":"http:\/\/fpmaaixmarseille.free.fr\/fpmaam\/wp-content\/uploads\/sa.jpg","contentUrl":"http:\/\/fpmaaixmarseille.free.fr\/fpmaam\/wp-content\/uploads\/sa.jpg"},{"@type":"BreadcrumbList","@id":"https:\/\/fpmaam.org\/ministere2\/sengager\/sections-sampana\/sekoly-alahady-ecole-du-dimanche\/#breadcrumb","itemListElement":[{"@type":"ListItem","position":1,"name":"Accueil","item":"https:\/\/fpmaam.org\/ministere2\/"},{"@type":"ListItem","position":2,"name":"Engager&#8230;","item":"https:\/\/fpmaam.org\/ministere2\/sengager\/"},{"@type":"ListItem","position":3,"name":"&#8230; ses dons !","item":"https:\/\/fpmaam.org\/ministere2\/sengager\/sections-sampana\/"},{"@type":"ListItem","position":4,"name":"Sekoly alahady &#8211; Ecole du dimanche"}]},{"@type":"WebSite","@id":"https:\/\/fpmaam.org\/ministere2\/#website","url":"https:\/\/fpmaam.org\/ministere2\/","name":"FPMA Aix Marseille - EGLISE PROTESTANTE MALGACHE EN FRANCE","description":"","publisher":{"@id":"https:\/\/fpmaam.org\/ministere2\/#organization"},"potentialAction":[{"@type":"SearchAction","target":{"@type":"EntryPoint","urlTemplate":"https:\/\/fpmaam.org\/ministere2\/?s={search_term_string}"},"query-input":{"@type":"PropertyValueSpecification","valueRequired":true,"valueName":"search_term_string"}}],"inLanguage":"fr-FR"},{"@type":"Organization","@id":"https:\/\/fpmaam.org\/ministere2\/#organization","name":"FPMA Aix Marseille - EGLISE PROTESTANTE MALGACHE EN FRANCE","url":"https:\/\/fpmaam.org\/ministere2\/","logo":{"@type":"ImageObject","inLanguage":"fr-FR","@id":"https:\/\/fpmaam.org\/ministere2\/#\/schema\/logo\/image\/","url":"https:\/\/fpmaam.org\/ministere2\/wp-content\/uploads\/2025\/03\/cropped-fpmaam_logo.png","contentUrl":"https:\/\/fpmaam.org\/ministere2\/wp-content\/uploads\/2025\/03\/cropped-fpmaam_logo.png","width":240,"height":240,"caption":"FPMA Aix Marseille - EGLISE PROTESTANTE MALGACHE EN FRANCE"},"image":{"@id":"https:\/\/fpmaam.org\/ministere2\/#\/schema\/logo\/image\/"}}]}},"_links":{"self":[{"href":"https:\/\/fpmaam.org\/ministere2\/wp-json\/wp\/v2\/pages\/421","targetHints":{"allow":["GET"]}}],"collection":[{"href":"https:\/\/fpmaam.org\/ministere2\/wp-json\/wp\/v2\/pages"}],"about":[{"href":"https:\/\/fpmaam.org\/ministere2\/wp-json\/wp\/v2\/types\/page"}],"author":[{"embeddable":true,"href":"https:\/\/fpmaam.org\/ministere2\/wp-json\/wp\/v2\/users\/2"}],"replies":[{"embeddable":true,"href":"https:\/\/fpmaam.org\/ministere2\/wp-json\/wp\/v2\/comments?post=421"}],"version-history":[{"count":0,"href":"https:\/\/fpmaam.org\/ministere2\/wp-json\/wp\/v2\/pages\/421\/revisions"}],"up":[{"embeddable":true,"href":"https:\/\/fpmaam.org\/ministere2\/wp-json\/wp\/v2\/pages\/411"}],"wp:attachment":[{"href":"https:\/\/fpmaam.org\/ministere2\/wp-json\/wp\/v2\/media?parent=421"}],"curies":[{"name":"wp","href":"https:\/\/api.w.org\/{rel}","templated":true}]}}